{"id":8,"date":"2021-06-09T15:33:27","date_gmt":"2021-06-09T15:33:27","guid":{"rendered":"https:\/\/parquecultural.cl\/hablaryactuar\/?page_id=8"},"modified":"2021-07-27T12:37:12","modified_gmt":"2021-07-27T16:37:12","slug":"el-proyecto","status":"publish","type":"page","link":"https:\/\/parquecultural.cl\/hablaryactuar\/el-proyecto\/","title":{"rendered":"El Proyecto"},"content":{"rendered":"<div style=\"padding:57% 0 0 0;position:relative;\"><iframe src=\"https:\/\/player.vimeo.com\/video\/579919879?badge=0&amp;autopause=0&amp;player_id=0&amp;app_id=58479\" allow=\"autoplay; fullscreen; picture-in-picture\" allowfullscreen=\"\" style=\"position:absolute;top:0;left:0;width:100%;height:100%;\" title=\"HABLAR Y ACTUAR - VIDEO PROMOCIONAL\" frameborder=\"0\"><\/iframe><\/div>\n<p><script src=\"https:\/\/player.vimeo.com\/api\/player.js\"><\/script><\/p>\n\n\n<p><em>Hablar y actuar: Arte, pedagog\u00eda y activismo en las Am\u00e9ricas<\/em>&nbsp; es un esfuerzo colectivo por poner en primer plano la reciprocidad de la ense\u00f1anza y el aprendizaje inherentes a la creaci\u00f3n art\u00edstica, mostrando v\u00ednculos entre pr\u00e1cticas de diferentes regiones que re\u00fanen modos similares de trabajo. A trav\u00e9s de la generaci\u00f3n de relaciones de colaboraci\u00f3n con comunidades y otros trabajadores y trabajadoras culturales, las y los artistas que encarnan esta exposici\u00f3n no s\u00f3lo investigan las preocupaciones sociales y pol\u00edticas en el vasto territorio de las Am\u00e9ricas, sino que comparten un m\u00e9todo dial\u00f3gico de trabajo que se destaca en las instalaciones que se muestran en la sala y en la exposici\u00f3n web. El resultado muestra dibujos, esculturas, fotograf\u00edas, v\u00eddeos, cine y materiales de archivo que borran los l\u00edmites entre las acciones performativas, la creaci\u00f3n de objetos y el activismo pol\u00edtico. Tambi\u00e9n revelan una perspectiva claramente descolonial con respecto a los contextos sociopol\u00edticos vividos hist\u00f3ricamente y en la contemporaneidad.<\/p>\n\n\n\n<p>La historia del arte comunitario en Am\u00e9rica Latina es larga y variada, marcada por movimientos socio-culturales y&nbsp; pensadores y pensadoras claves. Estos incluyen las teor\u00edas pedag\u00f3gicas de Paulo Freire, las diversas olas del movimiento feminista, el movimiento de la Teolog\u00eda de la Liberaci\u00f3n que busca privilegiar a los oprimidos y oprimidas, y los grandes y descentralizados movimientos descoloniales de posguerra que guiaron a cient\u00edficos y cient\u00edficas sociales a emprender nuevas investigaciones para entender mejor el hemisferio. M\u00e9todos interconectados que m\u00e1s tarde influenciaron a una amplia gama de actores culturales en los Estados Unidos, incluyendo artistas e intelectuales chicanos, chicanas y feministas. Dentro de esta rica historia cultural, que incluye el hoy llamado Social Practice (pr\u00e1ctica social), t\u00e9rmino utilizado para definir y profesionalizar un g\u00e9nero en el arte contempor\u00e1neo que tiene antecedentes hist\u00f3ricos en una generaci\u00f3n previa de artistas impulsados por la comunidad, las relaciones que se presentan conectan extensos esfuerzos entre artistas, investigadores e investigadoras a trav\u00e9s de las Am\u00e9ricas.<\/p>\n\n\n\n<p>La <a href=\"https:\/\/parquecultural.cl\/hablaryactuar\/exposicion-presencial\/\" data-type=\"page\" data-id=\"739\">exposici\u00f3n situada en la ciudad de Valpara\u00edso en Chile<\/a>, es una reconfiguraci\u00f3n local que funciona de manera f\u00edsica y virtual. Obras de artistas y colectivos son presentadas en la web y en la sala Laboratorio del PCdV, siendo los contenidos expuestos en la sala pautados en di\u00e1logo con el presente proceso social y cultural que se vive en Chile este 2021. Mientras vivimos un proceso constituyente y una pandemia mundial, las luchas sociales y subjetivas siguen vigentes y se acrecientan en una crisis sanitaria que desvela con m\u00e1s fuerza problem\u00e1ticas como: el derecho a la ciudad para todxs, los derechos de mujeres y disidencias, las tramas sociales de los barrios y sus comunidades, la relaci\u00f3n con los pueblos originarios o los legados cr\u00edticos de una sensibilidad pol\u00edtica y cultural que pueden sentirse en cada una de las obras que encontramos expuestas tanto en la sala como en la web. Una exposici\u00f3n que invita a reflexionar, sentir, hablar y actuar, disputando sentidos para construir mundos posibles. Un deseo de composici\u00f3n y recomposici\u00f3n subjetiva y social en constante proceso.\u00a0<\/p>\n\n\n\n<p><strong>Bill Kelley Jr., Curador\u00a0<br>Paulina E. Varas, curadora invitada<br>Viviana Silva Flores, productora y coordinadora general<\/strong><\/p>\n\n\n\n<div class=\"wp-block-buttons is-content-justification-center is-layout-flex wp-block-buttons-is-layout-flex\">\n<div class=\"wp-block-button\"><a class=\"wp-block-button__link has-vivid-red-background-color has-background\" href=\"https:\/\/parquecultural.cl\/hablaryactuar\/exposicion-presencial\/\">Exposici\u00f3n presencial<\/a><\/div>\n<\/div>\n","protected":false},"excerpt":{"rendered":"<p>Hablar y actuar: Arte, pedagog\u00eda y activismo en las Am\u00e9ricas&nbsp; es un esfuerzo colectivo por poner en primer plano la reciprocidad de la ense\u00f1anza y el aprendizaje inherentes a la creaci\u00f3n art\u00edstica, mostrando v\u00ednculos entre pr\u00e1cticas de diferentes regiones que re\u00fanen modos similares de trabajo. A trav\u00e9s de la generaci\u00f3n de relaciones de colaboraci\u00f3n con [&hellip;]<\/p>\n","protected":false},"author":2,"featured_media":0,"parent":0,"menu_order":1,"comment_status":"closed","ping_status":"closed","template":"","meta":{"_acf_changed":false,"footnotes":""},"class_list":["post-8","page","type-page","status-publish","hentry"],"acf":[],"_links":{"self":[{"href":"https:\/\/parquecultural.cl\/hablaryactuar\/wp-json\/wp\/v2\/pages\/8","targetHints":{"allow":["GET"]}}],"collection":[{"href":"https:\/\/parquecultural.cl\/hablaryactuar\/wp-json\/wp\/v2\/pages"}],"about":[{"href":"https:\/\/parquecultural.cl\/hablaryactuar\/wp-json\/wp\/v2\/types\/page"}],"author":[{"embeddable":true,"href":"https:\/\/parquecultural.cl\/hablaryactuar\/wp-json\/wp\/v2\/users\/2"}],"replies":[{"embeddable":true,"href":"https:\/\/parquecultural.cl\/hablaryactuar\/wp-json\/wp\/v2\/comments?post=8"}],"version-history":[{"count":18,"href":"https:\/\/parquecultural.cl\/hablaryactuar\/wp-json\/wp\/v2\/pages\/8\/revisions"}],"predecessor-version":[{"id":757,"href":"https:\/\/parquecultural.cl\/hablaryactuar\/wp-json\/wp\/v2\/pages\/8\/revisions\/757"}],"wp:attachment":[{"href":"https:\/\/parquecultural.cl\/hablaryactuar\/wp-json\/wp\/v2\/media?parent=8"}],"curies":[{"name":"wp","href":"https:\/\/api.w.org\/{rel}","templated":true}]}}

<div style="padding:57% 0 0 0;position:relative;"><iframe src="https://player.vimeo.com/video/579919879?badge=0&amp;autopause=0&amp;player_id=0&amp;app_id=58479" allow="autoplay; fullscreen; picture-in-picture" allowfullscreen="" style="position:absolute;top:0;left:0;width:100%;height:100%;" title="HABLAR Y ACTUAR - VIDEO PROMOCIONAL" frameborder="0"></iframe></div>
<p><script src="https://player.vimeo.com/api/player.js"></script></p>


<p><em>Hablar y actuar: Arte, pedagogía y activismo en las Américas</em>&nbsp; es un esfuerzo colectivo por poner en primer plano la reciprocidad de la enseñanza y el aprendizaje inherentes a la creación artística, mostrando vínculos entre prácticas de diferentes regiones que reúnen modos similares de trabajo. A través de la generación de relaciones de colaboración con comunidades y otros trabajadores y trabajadoras culturales, las y los artistas que encarnan esta exposición no sólo investigan las preocupaciones sociales y políticas en el vasto territorio de las Américas, sino que comparten un método dialógico de trabajo que se destaca en las instalaciones que se muestran en la sala y en la exposición web. El resultado muestra dibujos, esculturas, fotografías, vídeos, cine y materiales de archivo que borran los límites entre las acciones performativas, la creación de objetos y el activismo político. También revelan una perspectiva claramente descolonial con respecto a los contextos sociopolíticos vividos históricamente y en la contemporaneidad.</p>



<p>La historia del arte comunitario en América Latina es larga y variada, marcada por movimientos socio-culturales y&nbsp; pensadores y pensadoras claves. Estos incluyen las teorías pedagógicas de Paulo Freire, las diversas olas del movimiento feminista, el movimiento de la Teología de la Liberación que busca privilegiar a los oprimidos y oprimidas, y los grandes y descentralizados movimientos descoloniales de posguerra que guiaron a científicos y científicas sociales a emprender nuevas investigaciones para entender mejor el hemisferio. Métodos interconectados que más tarde influenciaron a una amplia gama de actores culturales en los Estados Unidos, incluyendo artistas e intelectuales chicanos, chicanas y feministas. Dentro de esta rica historia cultural, que incluye el hoy llamado Social Practice (práctica social), término utilizado para definir y profesionalizar un género en el arte contemporáneo que tiene antecedentes históricos en una generación previa de artistas impulsados por la comunidad, las relaciones que se presentan conectan extensos esfuerzos entre artistas, investigadores e investigadoras a través de las Américas.</p>



<p>La <a href="https://parquecultural.cl/hablaryactuar/exposicion-presencial/" data-type="page" data-id="739">exposición situada en la ciudad de Valparaíso en Chile</a>, es una reconfiguración local que funciona de manera física y virtual. Obras de artistas y colectivos son presentadas en la web y en la sala Laboratorio del PCdV, siendo los contenidos expuestos en la sala pautados en diálogo con el presente proceso social y cultural que se vive en Chile este 2021. Mientras vivimos un proceso constituyente y una pandemia mundial, las luchas sociales y subjetivas siguen vigentes y se acrecientan en una crisis sanitaria que desvela con más fuerza problemáticas como: el derecho a la ciudad para todxs, los derechos de mujeres y disidencias, las tramas sociales de los barrios y sus comunidades, la relación con los pueblos originarios o los legados críticos de una sensibilidad política y cultural que pueden sentirse en cada una de las obras que encontramos expuestas tanto en la sala como en la web. Una exposición que invita a reflexionar, sentir, hablar y actuar, disputando sentidos para construir mundos posibles. Un deseo de composición y recomposición subjetiva y social en constante proceso. </p>



<p><strong>Bill Kelley Jr., Curador <br>Paulina E. Varas, curadora invitada<br>Viviana Silva Flores, productora y coordinadora general</strong></p>



<div class="wp-block-buttons is-content-justification-center is-layout-flex wp-block-buttons-is-layout-flex">
<div class="wp-block-button"><a class="wp-block-button__link has-vivid-red-background-color has-background" href="https://parquecultural.cl/hablaryactuar/exposicion-presencial/">Exposición presencial</a></div>
</div>

<p>Hablar y actuar: Arte, pedagogía y activismo en las Américas&nbsp; es un esfuerzo colectivo por poner en primer plano la reciprocidad de la enseñanza y el aprendizaje inherentes a la creación artística, mostrando vínculos entre prácticas de diferentes regiones que reúnen modos similares de trabajo. A través de la generación de relaciones de colaboración con [&hellip;]</p>
